) = a(i) - 5*h(i). Let n be o(4). Suppose n*f - 2 = 4*f. What is the units digit of f?
1
Let v = -20 - -25. What is the units digit of v?
5
Let w be (-3)/((-6)/(-2)) - -1. Suppose w = -4*z - o + 5*o + 88, -4*z + 5*o + 89 = 0. What is the tens digit of z?
2
Suppose -12 - 6 = -3*h. Let r(y) = y**3 - 7*y**2 + 6*y + 5. Let j be r(h). Suppose 4*x + 4*b - 84 = -0*b, -j*x - 4*b + 100 = 0. What is the tens digit of x?
1
What is the units digit of (2 - (-229)/(-2))*(-4)/5?
0
Suppose 3*t = 130 + 23. What is the units digit of t?
1
Let m(k) = -k**2 - 9*k. Let f be m(-7). What is the tens digit of f + (-1)/((-2)/4)?
1
Let v = 87 + -55. What is the units digit of v?
2
Let z = -35 + 14. Let a be z/(-4) - (-2)/(-8). Let m = 8 - a. What is the units digit of m?
3
Let c(u) = -2*u - 1. Let x(y) = -2*y + 5. Let n(l) = -l + 3. Let j(s) = 5*n(s) - 3*x(s). Let k be j(-5). What is the units digit of c(k)?
9
Suppose a = -w + 8, -4*w + 13 = -a - 4. Let l be 85/a - (-3)/(-9). Suppose 6*g + 4*h - 52 = 2*g, 4*g - 2*h = l. What is the units digit of g?
9
Let b(w) = -w**2 - 2*w + 1. Let i be b(-3). Let n = i - -11. What is the units digit of n?
9
Let x(j) = -15*j**3 - 11*j + 17. Suppose -18 = 3*q - 0. Let r(c) = -7*c**3 - 5*c + 8. Let k(u) = q*x(u) + 13*r(u). What is the units digit of k(0)?
2
Let n(h) = h**2 + 3. Let m be n(0). Suppose 4*q - m*a - 40 = 0, -23 = -5*q + a - 4*a. Let l(j) = -j**2 + 9*j - 3. What is the units digit of l(q)?
1
Suppose 0*b - 3*b + 9 = 0. What is the units digit of 11 - (0/(-2) - b)?
4
Let j(b) = -2*b**2 + 3*b + 2. Let o be j(4). Let h = o - -30. Suppose -4 = -s + 4*t - 0*t, 0 = -3*s + 5*t + h. What is the units digit of s?
4
Suppose 5*f + 1769 = -v + 205, 2*f + 3160 = -2*v. Let n be (-6)/(-39) + v/(-13). Suppose -5*u - 37 = -n. What is the tens digit of u?
1
Let g = -42 + 126. What is the tens digit of g?
8
What is the tens digit of 75/45*9/1?
1
Let f(g) = 5 + 2*g - g + 3*g. Let d be f(-4). Let v = -7 - d. What is the units digit of v?
4
Suppose 2*r + 2*c = -2*c - 106, -2*r = 3*c + 102. Let l be (r/(-3))/(-3)*-6. Suppose d + 0*d = -5*s + l, 4*d = 2*s - 34. What is the units digit of s?
7
Suppose 0 = 19*m - 14*m - 555. What is the hundreds digit of m?
1
Suppose 3*b + 0 = 15. Suppose b*z - 3*z = 4. What is the units digit of (3 + z + -3)*9?
8
Suppose 30 = 4*k - 7*k. Let x = -24 - -41. Let c = x + k. What is the units digit of c?
7
Suppose -22 = 3*b + 20. Let p = b - -18. What is the units digit of p?
4
Suppose g - 50 = 14. What is the units digit of g?
4
Suppose -o - 5*k = -2*k - 15, 0 = 3*k - 12. Suppose -o*y + 16 = -5. What is the units digit of y?
7
Let q(c) = c + 11. Let f be q(-8). Suppose -b - 3*b - f*t + 7 = 0, 5*t = 5. What is the units digit of (4 - b)*(-6)/(-9)?
2
Suppose x - 5*w - 13 - 19 = 0, 96 = 3*x + 4*w. Let j = x - 22. What is the units digit of j?
0
Let p = -5 + 7. Suppose p*k - 9 = 13. What is the units digit of k?
1
Let m(o) = -2*o + 2. Let w be m(-6). Let a be 5/7 + 4/w. What is the tens digit of -1 - (-25 - -1)*a?
2
What is the hundreds digit of -2 + 64/36 + 1858/18?
1
Let k(l) = 22*l**2 - 1. What is the units digit of k(1)?
1
Let z(h) = -3*h - h**3 + 3 - 1 + 4 - 10*h**2. What is the tens digit of z(-10)?
3
Suppose 0 = -13*z + 10*z + 78. What is the tens digit of z?
2
Let i(l) = -l + 12. Let b be i(0). Suppose n = h - 11, -5*n = 4*h + 43 + b. Let x = n - -19. What is the units digit of x?
8
Let j(w) = 3*w**2 + 0 - 1 - 4*w**2 + 2*w. Let q be j(3). What is the units digit of 5/(-10) + (-30)/q?
7
Let k = -17 + 72. What is the tens digit of k?
5
Suppose 0 = 15*g - 30. What is the units digit of g?
2
Let f(m) = -10*m + 65. What is the tens digit of f(0)?
6
Let f(n) = 8*n + 5. Let x be f(8). Let s = x + -37. What is the units digit of s?
2
Let x = -13 + 4. What is the units digit of -25*(x/(-15) - 1)?
0
Suppose 4 = -4*f + 492. Suppose -u + 5*v = -0 - 2, 5*u = -3*v + f. What is the units digit of u?
2
Let r = 110 - -68. What is the hundreds digit of r?
1
Suppose 7 = 5*b - 3. Suppose -2 = 3*c + 2*c + 4*y, b*c = -5*y + 6. Let h = c + 8. What is the units digit of h?
6
Let w(v) = v**2 + 20*v + 4. What is the hundreds digit of w(-25)?
1
Let x(p) = 6*p**2 - 3*p + 2. Let w(j) = 3*j**3 - j**2 + j - 1. Let q be w(1). What is the units digit of x(q)?
0
Let d(t) be the second derivative of t**5/20 + 2*t**4/3 + t**3 - t**2/2 + 2*t. What is the units digit of d(-7)?
6
Let v = 6 - 11. Let b = -2 - v. What is the units digit of b?
3
Let m be (-480)/(-27) - 6/(-27). Suppose -5*k + m = -2*k. What is the units digit of k?
6
What is the units digit of -8*4*(-6 - -4)?
4
Let a be (-2)/5 + (-3)/5. Let p = a + 2. Suppose -u = -p - 2. What is the units digit of u?
3
Let y = 14 - 9. Suppose -w - 11 = -2*k - 31, 4*w - 67 = -y*k. What is the tens digit of w?
1
Suppose -d + 231 = 2*d. Suppose 5*p - d = 43. Suppose 2*j + j - p = 0. What is the units digit of j?
8
Let c(g) be the first derivative of g**3/3 - g**2/2 + 10*g + 1. What is the tens digit of c(0)?
1
Suppose 0 = -0*d + 4*d. Suppose d = -2*k + 25 + 5. What is the tens digit of k?
1
Suppose 2*z - 8 = -4*f, 4 = 3*f + z - 1. Suppose -3*t + 52 - f = -3*v, v - 28 = -2*t. What is the tens digit of t?
1
Suppose -6*g + 17*g - 1452 = 0. What is the tens digit of g?
3
Let p = -8 - -12. Suppose -s - 3*j + 1 = -6, -p*s - j + 6 = 0. What is the units digit of s?
1
Let u(w) = -w**3 + 6*w**2 - 4*w + 9. Let n be u(6). Let o = n + 23. What is the units digit of o?
8
Suppose 0 = 5*v - 15, 2*v = -3*r - 11 - 7. Let q(o) = -o**2 - 6*o - 4. Let n be q(r). Let k = -12 - n. What is the units digit of k?
8
Suppose c + 4 + 1 = 0. Suppose 0 = i - 1, 3*o + 3*i - 19 = -o. What is the units digit of (-7)/c - o/10?
1
Let z(r) = -r**3 - 6*r**2 + 7*r + 5. Suppose -c + 3*c + 14 = 0. What is the units digit of z(c)?
5
Let x(n) = -17*n - 12. What is the tens digit of x(-4)?
5
Let h(o) = -3*o**3 - o**2 + 5*o + 11. Let b(t) = -t**3 + t**2. Let r(v) = -4*b(v) + h(v). What is the tens digit of r(5)?
3
What is the units digit of (793/(-26))/(15/(-14) - -1)?
7
Suppose -2*u + 3*p + 458 = 0, 3*u - 5*p + 490 = 5*u. What is the units digit of u?
5
Suppose -12*d + 12 = -11*d. What is the tens digit of d?
1
Suppose 36 = 3*j + j - 4*g, -4*g - 21 = -j. Suppose 0*n + 10 = 5*v + n, j*n - 4 = -2*v. What is the units digit of v?
2
Let j(d) = -5*d + 6*d - 7 + 3*d. What is the units digit of j(3)?
5
Let f = -4 + 3. Let a = f + 6. Suppose 2*n + 53 = a*p, 2*p + p = 5*n + 47. What is the units digit of p?
9
Let v(i) = i + 2. Let y be v(1). Suppose 0*u - 68 = -4*u. Suppose y*k - u + 2 = 0. What is the units digit of k?
5
Let d(s) = -2*s + 6. Let o be d(6). What is the tens digit of ((-4)/o)/((-4)/(-102))?
1
Let m = -4 - -11. Suppose 2*f = -3*i + 52, m*i - 2*i = -f + 19. What is the units digit of f?
9
Let f(g) = -g**3 + 4*g**2 - 4*g + 1. Let p be f(3). Let h be (24/(-15))/(p/5). Let q = h - 3. What is the units digit of q?
1
Suppose 2*n = 4*n - 22. Let m = -4 + n. What is the units digit of m?
7
Let g(m) = 4*m - 10. Suppose 5*u - 40 = -0*u. What is the tens digit of g(u)?
2
Let a be (-60)/(-14) - 6/21. Let i = 5 - a. Suppose 22 = 4*c + x + i, -c - 5*x = -10. What is the units digit of c?
5
Let p = 218 + -140. What is the units digit of p?
8
Let j(k) = -15*k**3 + k**2 + k + 1. Suppose -2*w + 5*y = 7, 0*w - 5*w + y - 6 = 0. Let b be j(w). Let x = -9 + b. What is the units digit of x?
7
Suppose -2*s + 13 = 5. Suppose 3*m - 39 = -3*x, -3*x + 68 = s*m - 7*x. What is the units digit of m?
5
Let l(k) = -2*k**2 - 3*k + 2. Let s be l(2). Let j be (-4)/16 - (-177)/s. Let q = j + 24. What is the units digit of q?
9
Let j(c) = -c**3 + c**2 + 4*c + 1. Let o(u) = u - 5. Let d be o(8). Let q be j(d). Let t(m) = m**2 + 5*m + 1. What is the units digit of t(q)?
1
Let h = -17 - -28. Suppose 6*u - h = -c + u, 0 = -4*c + 4*u - 4. What is the units digit of c?
1
Suppose 10 = 2*v + 5*u - 1, 0 = 3*u + 3. Let o = v + -2. What is the units digit of 4 + (-3 + o - 6)?
1
Let z(h) = -24*h - 3. What is the tens digit of z(-2)?
4
Let r(h) be the third derivative of h**4/6 + 11*h**3/6 + 2*h**2. What is the tens digit of r(8)?
4
Suppose k - 29 = 5*w, -4*k = 4*w + w - 91. What is the tens digit of k?
2
Suppose 0 = 5*k + 2*s - 127, k + 8 - 32 = s. Suppose -5*h = -k, 0*h + 5*h = -3*i + 34. 